What is the remainder when 52 is divided by d?
15
Let k = -34 + 39. Suppose 0*g + 69 = k*y + g, y + 5*g = 33. What is the remainder when y is divided by 5?
3
Let v(f) = f. Let h(u) = -3*u - 17. Let r be h(-7). Calculate the remainder when 8 is divided by v(r).
0
Suppose -4*a = 16, d - 2*a - 10 = -a. Suppose -2*r - d = -26. What is the remainder when 18 is divided by r?
8
Suppose 0 = 4*o - 8*o. Suppose 2*r + 5*g - 112 = o, -2*r + 4*g + 65 = -29. Calculate the remainder when r is divided by 26/(-2)*(2 - 3).
12
Let m = -10 + 12. Suppose -3*g = m*g + 20. What is the remainder when 41 is divided by g/(-4)*2 + 19?
20
Let x(m) = m**2 - m + 94. Let j be x(0). Suppose -2*b = 2*g + 2*b - j, -3*g - 4*b = -133. What is the remainder when g is divided by 21?
18
Let n be ((-1)/(-3))/(2/(-2202)). Let w = -228 - n. Calculate the remainder when w is divided by 14.
13
Let o be ((-36)/14)/((-3)/21). Let a = 27 - o. Let w = a + -2. What is the remainder when 24 is divided by w?
3
Let m(y) = -y**3 + 10*y**2 + 5*y - 13. Let w(g) = 5*g - 5. Let a be w(3). What is the remainder when m(a) is divided by 10*((-12)/(-8) - 1)?
2
Let n(g) = -4*g - 4. Let y = -2659 - -2680. What is the remainder when y is divided by n(-3)?
5
Let k(w) = -9*w - 42. What is the remainder when (-2)/4*(4 + -78) is divided by k(-7)?
16
Let l = 272 + -115. What is the remainder when 473 is divided by l?
2
Let q be -5 + (2 - 4)/2. Let o = q + 13. Let n = -516 + 536. Calculate the remainder when n is divided by o.
6
Suppose -4*l + 3*l + 3*y - 111 = 0, 2*y = -5*l - 487. Let v be -2 + -2 + -50 + 1. Let r = v - l. What is the remainder when r is divided by 12?
10
Let u(h) = h**3 - 8*h**2 - 6*h - 5. Let z be u(9). Suppose -i + z = 12. Calculate the remainder when 35 is divided by i.
5
Suppose -5*t - 55 = -5*f, 3*t - 9 = -2*f - 27. Let p = -4 - t. Suppose -2*c + 40 = 2*m, 6*m - 2*m + 40 = p*c. Calculate the remainder when c is divided by 9.
6
Let p = -30 - -32. Suppose p*b - b = 41. Let f = 56 + -35. What is the remainder when b is divided by f?
20
Let c = 361 + -340. Calculate the remainder when 606 is divided by c.
18
Suppose 4*b - 29 = 7. Let x(u) = -u**2 + u + 5. Let m be x(-4). What is the remainder when (-12)/20 - 264/m is divided by b?
8
Let f be (0 + -5)*(-4)/10. Suppose -2*r + 4*i = -4, -3*r - f + 0 = 2*i. Suppose 3*v - 50 - 118 = r. Calculate the remainder when v is divided by 19.
18
Let a = -5 + 16. Let y = -15 + 34. What is the remainder when y is divided by a?
8
Suppose 3*s + 0*s + w = -200, -w = s + 64. Let f = -51 - s. Calculate the remainder when f is divided by 3/((-6)/(-4)) - -2.
1
Let h(f) = -6*f + 11. Suppose 0 = -5*v - 2*j + 140, 0 = 3*v + j + j - 80. Calculate the remainder when h(-8) is divided by v.
29
Let h be 482/4 + 5/(-10). Suppose -h = -5*i - 25. Calculate the remainder when i is divided by 4.
3
Let f = 40 - 1. Suppose -6*b = -5*b - f. What is the remainder when b is divided by 10?
9
Let x be 2634/21 + 18/(-42). Let h = x - 8. What is the remainder when h is divided by 31?
24
Let d(r) = 56*r - 98. Calculate the remainder when 95 is divided by d(2).
11
Suppose j - 83 = -13. What is the remainder when j is divided by (0 - 0) + 20 + -2?
16
Let a be (-26 + -4)/(-6) - 2. Suppose a*z + 3*z - 450 = 0. Calculate the remainder when z is divided by 28.
19
Let k = 12 - 8. Suppose 4*d = 4*j - k, d + 2*j - 11 = -0*j. What is the remainder when 6 is divided by d?
0
What is the remainder when 34 is divided by (-3*1)/(16/(-32)) - -3?
7
Let h be ((-144)/(-30))/((-9)/210). Let r = -59 - h. Calculate the remainder when r is divided by 11.
9
Suppose -73 = -23*n + 433. What is the remainder when n is divided by 2?
0
Let q(l) = 4*l**2 + 8*l + 10. Let s(y) = -3*y**2 - 7*y - 10. Let o(n) = 4*q(n) + 5*s(n). Calculate the remainder when 125 is divided by o(7).
17
Suppose i = -5*l + 9, -23 = -3*l - 3*i - 8. Let u = 20 + l. What is the remainder when -249*2*1/(-6) is divided by u?
20
Calculate the remainder when 1015/(-2)*26/(-91) is divided by 23 + 0 + (-4 - -2).
19
Let z(n) = -98*n - 228. What is the remainder when 66 is divided by z(-3)?
0
Let h = -106 + 160. Suppose -m - h = -71. Calculate the remainder when 65 is divided by m.
14
What is the remainder when 17 is divided by (-42)/(-24) - (-7)/28?
1
Let o be (-63)/6*18/(-27). Let f(c) = -c**3 + 7*c**2 + 2*c + 4. What is the remainder when 30 is divided by f(o)?
12
Let s = 282 - 277. Let t = 1 + 3. Suppose t*r = -3*i + 42, -5*r + 11 = -4*i + 67. What is the remainder when i is divided by s?
4
What is the remainder when 303 is divided by (-51 - 1)*(9/(-1) - -8)?
43
Suppose 5*x = -75 + 270. Suppose -40 = -n - x. Let i = -2 - -3. Calculate the remainder when n is divided by i.
0
What is the remainder when 1014 - (-18)/1*8/24 is divided by 16?
12
Suppose a - 4*i - 1149 = 0, 4*a - 4*i = a + 3415. What is the remainder when a is divided by 16?
13
Suppose 5*i = 3*i + 24. Calculate the remainder when (-10)/(80/(-162)) - 2/8 is divided by i.
8
Suppose 7*i - 131 - 877 = 0. Calculate the remainder when i is divided by 7.
4
Let r(t) = -t**3 - 18*t**2 - 17*t + 74. Calculate the remainder when 253 is divided by r(-17).
31
Suppose -4*h = -2*h - 60. Let y = -155 - -111. Calculate the remainder when h is divided by (y - -20)*2/(-6).
6
Let p = -243 - -269. Calculate the remainder when p is divided by 7.
5
Let k be 12/8 + (-2)/(-4). Suppose k*g + 5*i = 5, -35 = -4*g + g - 2*i. What is the remainder when ((-57)/(-2))/((-2)/(-4)) is divided by g?
12
Suppose 14*j - 995 = 10667. What is the remainder when j is divided by 38?
35
Let a = 122 - -4. What is the remainder when a is divided by 21?
0
Suppose 0 = -5*j - 3*w - 2*w + 200, -4*j - 3*w + 160 = 0. Suppose -4*y = -5*c - 42 - 18, 0 = -y - 5*c + j. What is the remainder when 77 is divided by y?
17
Let y(a) = 3*a**2 - 13*a - 10. What is the remainder when 31 is divided by y(6)?
11
Let o(q) = 10*q**2 - q - 4. Let g = -8 - -11. What is the remainder when o(g) is divided by ((-6)/24 - 0)*-84?
20
Suppose u - 40 = -5*a, -6*u + 3*u - a = -78. Suppose -230 = 3*n - 8*n. What is the remainder when n is divided by u?
21
Suppose 6*k - 341 - 31 = 0. Let w = -49 - -70. Calculate the remainder when k is divided by w.
20
Let p(o) = -18*o + 6. Let l be 5/30 - (-169)/(-6). Let a be l/6 + 10/15. Calculate the remainder when p(a) is divided by 20.
18
Suppose -15*l + 4*l + 198 = 0. Calculate the remainder when 82 is divided by l.
10
Suppose -k + 44 = -4*s - 23, -3*s + 363 = 4*k. What is the remainder when k is divided by 9?
6
Let d = 87 - 81. Calculate the remainder when 104 - 0/(d + -5) is divided by 36.
32
Suppose -k - 19 = -8. Let v = k + 57. Calculate the remainder when 90 is divided by v.
44
Suppose -34*o + 33*o = -49. Suppose -o*v = -51*v + 228. What is the remainder when v is divided by 39?
36
Suppose -3*r = 5*s + 99, -3*s = 3*r + r + 121. Let b = 33 + r. Suppose b*o = 8*o - 33. What is the remainder when 19 is divided by o?
8
Suppose 0 = -6*l + 4*l + 188. Let q be (-10)/(-40) + l/8. Calculate the remainder when (8/6)/(q/270) is divided by 8.
6
Let q(l) = -l**3 + 9*l**2 - 7*l - 9. Let d be q(8). Let z be (7 - 2/1) + d. Suppose -4*u = -20 + z. Calculate the remainder when 11 is divided by u.
3
Let z = 67 + -27. What is the remainder when 71 is divided by z?
31
Let t = -14 + 87. Let f(n) = 53*n + 15. Let w be f(-1). Let a = w + t. What is the remainder when a is divided by 12?
11
Let z(g) = -309*g + 58. Calculate the remainder when z(0) is divided by (-61)/(-5) - (-5)/(-25).
10
Suppose 4*l - 8*l = -616. Let f = 8 + l. Calculate the remainder when f is divided by 11.
8
Suppose -v = 0, 4*t + 2*v - 4*v = 24. Let i(w) = -t - w + 4 + 3 + 5*w**2. What is the remainder when 43 is divided by i(-2)?
20
Suppose 4*u + 152 + 36 = 0. Let l = u + 123. Calculate the remainder when l is divided by 13.
11
Suppose 0 = -6*f - 851 + 923. Let z = -3 + 6. Suppose 3*h = -z + 15, -92 = -4*w - 2*h. Calculate the remainder when w is divided by f.
9
Suppose 5*q - 7*q = 3*z - 154, -5*z + 10 = 0. Suppose 2*r - 50 + 12 = 0. What is the remainder when q is divided by r?
17
Let u = 49 + -22. Let x = 127 + -75. What is the remainder when x is divided by u?
25
Let u = -48 - -61. What is the remainder when u is divided by 13?
0
Let v(d) = -d**2 - 11*d + 1. Let j(s) = -